hat is the units digit of (-16)/p + (-2)/(-3)?
6
Suppose -1 = -2*d + 11. Let t = d + 13. Suppose 5*r = 4*r + 2*o + t, -o = -5*r + 59. What is the tens digit of r?
1
Suppose 5*s + 13 = -5*v - 2, 5*v + 23 = -s. Suppose -42 = -2*g + s*f - 6*f, 2*g - 24 = 5*f. Let y = g + -14. What is the units digit of y?
3
Suppose 3*s = 4*k + 6, -3*s = -5*k + 1 - 4. Suppose 60 = -2*c - s. Let x = 50 + c. What is the units digit of x?
7
Let i = -2749 - -4917. What is the thousands digit of i?
2
Suppose -2*l + 5*b + 3705 = 2*l, 4*l = -2*b + 3698. Suppose -4*t + o = -l, -2 = o + 3. What is the units digit of t?
0
Suppose 8*b - 11*b = 0. Suppose 3*a + b = 9. Suppose 2*n - a*n = -10. What is the tens digit of n?
1
Let w(l) = 4*l**2 - 11*l + 37. What is the units digit of w(-13)?
6
Suppose -3*w - q = 0, -8*w + 5*q = -4*w. Suppose -6*m = -w*m - 90. What is the tens digit of m?
1
Let o = 256 - 53. What is the units digit of o?
3
Suppose -54446 = 48*v - 62*v. What is the units digit of v?
9
Suppose -2*w + 1056 = 3*z, 4*w - 2668 + 572 = -2*z. What is the tens digit of w?
2
What is the units digit of (-96422)/(-333) + 8/54*3?
0
Let s(z) = 2*z**3 - 2*z**2 - 4*z - 2. Let o be s(-2). Let a(w) = -4*w + 6. What is the tens digit of a(o)?
7
Suppose -7*c - 1626 = -10047. What is the tens digit of c?
0
Suppose 29*i = 2*i + 10449. What is the units digit of i?
7
Let t(c) = 13*c**2 - 6*c - 96. What is the tens digit of t(8)?
8
Let x(g) be the third derivative of -1/60*g**5 - 67/120*g**6 - 1/8*g**4 - 1/6*g**3 + 0*g + 0 + 11*g**2. What is the units digit of x(-1)?
8
Suppose -d + 16 = 4*a, 3*d + 12 = 6*d + 3*a. Suppose d = -5*b - 26 + 176. What is the tens digit of b?
3
Suppose 5*s - 2*s = g - 1894, -2532 = 4*s + 2*g. What is the tens digit of (-1)/(-3) + s/(-12)?
5
Let y = 346 + -43. What is the tens digit of y?
0
Let w(p) = p**2 + 17*p + 15. Let y be w(-17). Suppose r + 2*r - y = 0. What is the tens digit of ((-51)/(-6))/(r/30)?
5
Let j = 160 + 68. Suppose -3*p = 3*p - j. Let o = p + -15. What is the tens digit of o?
2
Suppose 6*f = 13*f - 42. What is the units digit of ((-2)/f)/(-3 - 1024/(-342))?
7
Let c(s) = -s**2 - 9*s. Suppose 5*q - 6 = 9. Suppose 0 = -2*b - q*b - 35. What is the units digit of c(b)?
4
Let o be 18/(-9)*(-11)/2. Suppose -3*q + o = 5*g - 14, 3*g + 14 = 4*q. What is the units digit of (g/(-2))/((-8)/144)?
8
Suppose 10*b = 11*b - 1183. What is the hundreds digit of b?
1
Let k be -6 + (-1 - (5 - 2)). Let x be ((-66)/k)/((-4)/(-20)). Suppose 0 = 3*z - x - 63. What is the tens digit of z?
3
Suppose o = -5*o. Suppose o = 5*v - 104 + 19. What is the units digit of v?
7
Let b = -39 + 67. Suppose -160 = -4*m + b. Let n = -9 + m. What is the tens digit of n?
3
Let a be (-3 + 4 - 1)/1. Suppose 4*y - k - 145 = 0, a*y = 5*y - 2*k - 182. What is the units digit of y?
6
Suppose -4*y + 9 = 57. What is the units digit of 5*y/(-15) + 39?
3
Let w = -8 + 8. Suppose -3*d = -f - 29, -4*d + w*f + 2*f = -40. Let v = 12 - d. What is the units digit of v?
3
Let w = -56 + -43. Let u be 533/9 + 22/w. Let f = u - 0. What is the tens digit of f?
5
Let t(d) = 11*d**2 - 42*d - 78. What is the thousands digit of t(14)?
1
Suppose -3*b = -3*j + 1155 + 303, -2*b = 2*j - 972. What is the tens digit of j?
8
Let f(w) = -9*w**2 - w**3 + 2*w**2 - 8*w + 9 - 8. What is the tens digit of f(-6)?
1
Suppose 14*f - 29*f + 7845 = 0. What is the tens digit of f?
2
Suppose 4*t - 4*j - 4624 = 0, t - 4*j - 579 = 562. What is the hundreds digit of t?
1
Suppose -2725 = -4*f + 3*c, -3*c - 1355 = -5*f + 3*f. What is the units digit of f?
5
Suppose q - 4*o = -24, 3*q - 7*o + 44 = -2*o. Let i = q - -6. What is the units digit of 4*-1 - (-6 + i)?
4
Suppose 36 - 45 = -3*t. What is the units digit of 623/28 + t + (-2)/8?
5
Let f(m) = -599*m + 33. What is the tens digit of f(-2)?
3
Suppose -8747 = -2*r + 3*v, v = 42*r - 46*r + 17529. What is the tens digit of r?
8
What is the tens digit of 8/5*1000605/492?
5
Suppose -2*b + 4 = -3*h, -2*h = -2*b - 0*b + 4. Suppose -4*n + 249 = b*w + 33, -4*w - 5*n + 438 = 0. What is the tens digit of w?
1
Let o be 6/24*(-1 + 29 - 0). Suppose i + o = 8*i. What is the units digit of i?
1
Suppose -2*u - 2 = 4*f, -4*f = -4*u + 9 - 37. Suppose -4*p - 5*j + 334 = -f*j, 2*p - 166 = -j. What is the tens digit of p?
8
Let g(q) = 2*q**2 - 3*q + 3. Let z be g(2). Suppose -33*m = -29*m. Suppose -3*o + 3*n + 36 = m, 3*o + z*n + 39 - 99 = 0. What is the tens digit of o?
1
Let o = -38 + 40. Suppose -o*u = -31 - 11. What is the tens digit of u?
2
Let z(b) = 32*b - 56. What is the hundreds digit of z(11)?
2
Suppose 3*d - p + 0*p = -82, -4*p = 4*d + 120. Let f = 76 + d. What is the units digit of f?
8
What is the hundreds digit of 8/12 - 3614/(-6)?
6
Suppose 3*y + 3018 = 3*b, -32*b + 35*b - 2990 = -4*y. What is the tens digit of b?
0
Suppose -8*b + 7*b + 18 = 0. Suppose 2*h = 3*h - b. What is the tens digit of h?
1
Suppose a - 177 - 83 = 0. Let z = a + -167. What is the units digit of z?
3
What is the thousands digit of ((-11)/(-66))/(1/10482)?
1
Let a = -19 + 21. Let r(d) = 7*d**3 - 2*d + 4. What is the tens digit of r(a)?
5
Let l(r) = r**2 + 4*r + 13. Let g be l(11). Suppose -g = -5*k + 47. What is the tens digit of k?
4
Suppose 3*o - 12 = -0*o. What is the hundreds digit of 278*o/8 + -3?
1
Let u(q) = -q**3 - q**2 + 4*q + 6. Let y be ((-2)/7)/((-12)/252). Let m be -7 - 1*y/(-2). What is the units digit of u(m)?
8
Let n = 46 - -328. What is the tens digit of n?
7
Suppose 2*q - 13 = -3. Suppose -q*k = 3*o - 6, -2*k + 2 = -o + 2*o. Suppose 5*j - o*h - 55 = -3*h, 2*j = -2*h + 14. What is the tens digit of j?
1
Suppose -32 = -n - 23. Let h(w) = 29*w - 40. What is the hundreds digit of h(n)?
2
Let v(n) = -n**3 - 15*n**2 + 16*n - 12. Let x = 24 - 40. Let t be v(x). What is the units digit of (20/t + 2)*45?
5
Let o = -26 + 30. Suppose 0 = 3*h + o*w - 429, -h - w - w = -145. Suppose 0*i - 5*i = 10, -h = -5*v - 3*i. What is the tens digit of v?
2
Let a(c) = -11*c - 17. Let o = -17 - -9. What is the tens digit of a(o)?
7
Suppose -o = 4*o - 10. What is the tens digit of o/4 - 630/(-4)?
5
Let y(k) = -2*k + 11*k + k + 8 - 3. What is the units digit of y(3)?
5
What is the hundreds digit of 0 + 5 - 1594/6*-3?
8
Let a(y) = y**2 + 5*y - 32. What is the units digit of a(-9)?
4
Let l(o) = -o**3 + 8*o**2 - o + 7. Let u(h) = h**3 - 8*h**2 - 7. Suppose -15 = 2*t - 5. Let i(w) = t*u(w) - 4*l(w). What is the tens digit of i(8)?
3
Let q = -63 + 521. What is the units digit of q?
8
Suppose -4*j + 197 = 33. Let l = 46 + j. What is the units digit of l?
7
Let q(v) = -87*v - 379. What is the hundreds digit of q(-25)?
7
Suppose -2*o - 4*w = -3*o + 23, -4*o + 92 = -2*w. Suppose -z = -40 - o. What is the units digit of z?
3
What is the tens digit of 0 - 6 - (32 + -312)?
7
Let v be 1/5 - (-36)/20. Suppose -o - 24 = -v*o. Suppose o = 7*j - 11. What is the units digit of j?
5
Suppose -5*n + 60 = 5*i, -i = 2*n - 6 - 9. Let w(u) = -u**2 + 12*u - 4. What is the tens digit of w(i)?
2
Let z(s) = -s**2 + 7*s - 9. Let r be z(7). Let l = r - -11. Suppose 0 = a + 1 + 3, l*x = -5*a + 26. What is the units digit of x?
3
Let o = -261 + 368. Suppose -2*x - o = -3*x + 5*f, 4*x = -4*f + 500. What is the tens digit of x?
2
Let a = 643 + -69. What is the units digit of a?
4
Let s be 1/(-3) - (8868/(-9) + -3). Suppose 3*o = s - 322. What is the units digit of o?
2
Let i = -240 - -265. What is the units digit of i?
5
Let g = -112 + 160. Suppose -g = -5*b + 4*b. Let t = b - 23. What is the units digit of t?
5
Let n be 5/(20/12) + -1. Let h(f) = -3*f**3 - 3*f - 4*f + 8*f**2 + n*f**3 - 6 + 0*f. What is the tens digit of h(6)?
2
Suppose 3*k - 10 = 2*o, 0 = 4*k + o + o - 18. Let w be (-328)/(-18) - k/18. What is the tens digit of 50/3*w/15?
2
Let g(p) = p**3 - 4*p**2 + 5*p - 3. Let b(q) = q**3 + q**2 - q + 1. Let i(w) = 2*b(w) - g(w). What is the units digit of i(-6)?
7
Let z = -29 - -75. Let c = z + -25. What is the units digit of c?
1
Let o(u) = 12*u**2 + 10*u - 13. What is the units digit of o(-8)?
5
Suppose -40 = -4*h + 100. Let m = 87 - h. What is the units digit of m?
2
Let g be ((-6)/15)/((-3)/(-30)). Let v(y) = -26*y + 9. What is the tens digit of v(g)?
1
Let j = -2 - -5. What is the units digit of 2/(-2*(j + -4))?
1
Let q(g) = g**3 - 2*g**2 + g - 1. Let 